rime number?
True
Is 1194823 a composite number?
True
Is 42519881 a prime number?
False
Is 546919 composite?
False
Is 181354 composite?
True
Is 2267233 a composite number?
True
Is 19801 composite?
False
Is 83070101 a prime number?
True
Is 3168563 composite?
False
Is 37733 prime?
False
Is 40378489 a prime number?
True
Is 103409 a composite number?
False
Is 501070919 composite?
True
Is 1254210209 prime?
False
Is 9960481 composite?
True
Is 981523 a prime number?
True
Is 64707347 a composite number?
True
Is 1948873 a prime number?
False
Is 67693493 prime?
False
Is 133848881 a composite number?
False
Is 12531301 a prime number?
True
Is 70697513 prime?
True
Is 14111803 composite?
False
Is 54503899 a prime number?
False
Is 101435081 prime?
False
Is 31753981 a prime number?
False
Is 2837924681 a prime number?
True
Is 794831 prime?
True
Is 2981071 composite?
True
Is 80681149 composite?
True
Is 713041457 a composite number?
False
Is 5415337 a prime number?
True
Is 73189943 a composite number?
False
Is 3853439 a composite number?
True
Is 303960809 composite?
True
Is 1051663 a composite number?
False
Is 20043559 composite?
False
Is 642359 a composite number?
False
Is 243927077 composite?
False
Is 51827 composite?
False
Is 364154719 composite?
False
Is 3316281 a composite number?
True
Is 7645753 a prime number?
True
Is 11974961 a prime number?
True
Is 1658627 a composite number?
False
Is 117561121 a prime number?
False
Is 7667449 composite?
False
Is 99573713 a prime number?
True
Is 42831967 prime?
True
Is 123129989 a composite number?
True
Is 93959363 a prime number?
False
Is 3395101 a prime number?
True
Is 79113043 prime?
False
Is 4114821 a composite number?
True
Is 127834177 a composite number?
True
Is 11952851 prime?
True
Is 11158493 prime?
False
Is 104635517 composite?
True
Is 382025395 a prime number?
False
Is 1458593 prime?
True
Is 11926961 composite?
True
Is 755329 a composite number?
False
Is 11029877 prime?
True
Is 2379287 a prime number?
False
Is 2220193 composite?
False
Is 12356801 a prime number?
True
Is 2588629 composite?
False
Is 25634417 a prime number?
True
Is 6153421 a prime number?
True
Is 1505761 prime?
True
Is 53698429 composite?
True
Is 107585203 composite?
True
Is 90203 composite?
False
Is 34509697 a prime number?
True
Is 166541 a prime number?
True
Is 147691 composite?
True
Is 26182903 a prime number?
False
Is 455633 prime?
False
Is 2625823 composite?
True
Is 533905 a prime number?
False
Is 8305919 a composite number?
True
Is 69980633 a composite number?
False
Is 6045563 a prime number?
False
Is 8101277 a composite number?
True
Is 187483171 a prime number?
True
Is 16022029 a prime number?
True
Is 101528047 prime?
False
Is 11611903 composite?
True
Is 433093 a prime number?
True
Is 74825707 composite?
True
Is 3712019 a prime number?
True
Is 389063 a prime number?
False
Is 234653687 composite?
False
Is 14335682 a composite number?
True
Is 113547139 prime?
True
Is 2642693 a composite number?
False
Is 5579027 prime?
False
Is 419417497 a prime number?
False
Is 628123741 a prime number?
False
Is 19403887 prime?
False
Is 6848903 prime?
True
Is 17384657 prime?
False
Is 146245829 prime?
False
Is 128649899 a prime number?
False
Is 255301649 a composite number?
False
Is 6373597 a prime number?
False
Is 2867467 a prime number?
True
Is 3845081 composite?
True
Is 461834393 prime?
False
Is 41719 a prime number?
True
Is 17545973 a prime number?
False
Is 532489 composite?
False
Is 15057299 composite?
False
Is 27768991 a composite number?
False
Is 2493923 a composite number?
False
Is 218070439 composite?
True
Is 28967389 prime?
False
Is 1148527 prime?
True
Is 45442967 a composite number?
False
Is 43628623 composite?
False
Is 15499 composite?
True
Is 90572029 composite?
False
Is 28805887 a composite number?
True
Is 10173097 composite?
True
Is 23067157 composite?
False
Is 3366197 a composite number?
True
Is 25399601 prime?
True
Is 47900233 prime?
False
Is 560409917 composite?
False
Is 7637009 a composite number?
True
Is 8246201 prime?
True
Is 116849797 composite?
True
Is 305917 composite?
False
Is 865189 prime?
False
Is 375867907 composite?
True
Is 6460507 a prime number?
False
Is 22150187 prime?
True
Is 554341 prime?
False
Is 83949473 a composite number?
True
Is 107753839 a prime number?
True
Is 133391243 a composite number?
False
Is 35035087 a composite number?
False
Is 385976611 composite?
False
Is 20996494 a composite number?
True
Is 10075319 a prime number?
True
Is 3862361 composite?
False
Is 619765 prime?
False
Is 4276858 prime?
False
Is 1129691 prime?
False
Is 65470367 a composite number?
False
Is 718625641 a prime number?
True
Is 7443133 a composite number?
False
Is 2638687 a prime number?
True
Is 21973669 a composite number?
True
Is 130641983 prime?
True
Is 183312251 a composite number?
False
Is 887155361 composite?
False
Is 23935277 a composite number?
True
Is 27325951 prime?
True
Is 19735399 a prime number?
False
Is 239820613 a composite number?
True
Is 20352259 composite?
False
Is 573555399 composite?
True
Is 2713099 composite?
True
Is 86178229 a prime number?
True
Is 25844167 a prime number?
False
Is 5055551 a prime number?
True
Is 4734805 prime?
False
Is 49978399 a prime number?
False
Is 133416979 prime?
False
Is 15227333 a composite number?
True
Is 168864299 a prime number?
True
Is 189516709 a composite number?
False
Is 1219493 a prime number?
False
Is 13051569 a composite number?
True
Is 378348303 a composite number?
True
Is 221438471 a composite number?
False
Is 434775757 composite?
True
Is 105647251 prime?
True
Is 31938047 a prime number?
True
Is 156902279 a prime number?
True
Is 70240949 prime?
False
Is 59435231 a composite number?
True
Is 14110007 prime?
True
Is 5300045 prime?
False
Is 11595449 composite?
False
Is 111913 a prime number?
True
Is 62578031 prime?
True
Is 1697867 a composite number?
False
Is 16274929 composite?
True
Is 219909 a composite number?
True
Is 15757927 composite?
False
Is 4968719 a prime number?
False
Is 47936533 composite?
True
Is 602106559 composite?
False
Is 1139701 prime?
False
Is 1109138 a composite number?
True
Is 23253341 prime?
True
Is 1961321 composite?
False
Is 688139293 a prime number?
False
Is 24756398 a composite number?
True
Is 1071563 a prime number?
True
Is 11415437 prime?
False
Is 5757467 a composite number?
False
Is 6660949 composite?
False
Is 879391 a prime number?
True
Is 1227469 a prime number?
True
Is 4598419 composite?
True
Is 84493343 a composite number?
True
Is 96665431 prime?
False
Is 19537079 a composite number?
False
Is 235722661 a prime number?
True
Is 5338193 a prime number?
False
Is 2721385 prime?
False
Is 5229233 composite?
False
Is 22380121 prime?
False
Is 54092029 composite?
False
Is 35835551 a composite number?
True
Is 4894889 composite?
False
Is 1066823 a composite number?
True
Is 5171431 a composite number?
True
Is 89272037 a prime number?
True
Is 165197243 a composite number?
False
Is 26189531 a prime number?
False
Is 2843287 a prime number?
True
Is 2665594 a composite number?
True
Is 172495537 a composite number?
False
Is 78831349 composite?
True
Is 10056619 a composite number?
False
Is 1975991 a composite number?
False
Is 5221283 a prime number?
True
Is 6379379 a composite number?
False
Is 756407 a composite number?
True
Is 211363 a composite number?
True
Is 8943101 a prime number?
False
Is 18309131 prime?
True
Is 2367899 a prime number?
True
Is 30536377 a prime number?
True
Is 144122311 composite?
True
Is 8145373 prime?
False
Is 18392881 composite?
True
Is 28258019 composite?
True
Is 1686983 a prime number?
True
Is 309031993 composite?
False
Is 41634265 a prime number?
False
Is 113353417 a composite number?
True
Is 100623691 a composite number?
True
Is 1338121 composite?
True
Is 3443323 a prime number?
False
Is 133049341 prime?
True
Is 455039983 a prime number?
True
Is 25149197 a composite number?
True
Is 16004611 a prime number?
False
Is 8441243 prime?
True
Is 89219113 prime?
False
Is 4504937 composite?
True
Is 604351 a composite number?
True
Is 16037569 a composite number?
False
Is 4826989 prime?
False
Is 13212157 prime?
False
Is 23366101 prime?
False
Is 4525501 prime?
True
Is 29055353 a composite number?
True
Is 1289201 a composite number?
True
Is 27854053 prime?
